 + 2*l + 4. Let z be s(4). What is the highest common factor of p and z?
23
Suppose -42 = s - 185. Let d(o) = -o**2 - 9*o - 1. Let f be d(-7). What is the highest common factor of f and s?
13
Suppose -4*i + u + 109 = 0, 3*i - 97 = -u - 17. Let h be (i/(-45))/((-2)/20). What is the greatest common divisor of 18 and h?
6
Let d(c) = 4*c**2 - 5*c**2 + 10*c - 6 - 5. Let p be d(7). Calculate the greatest common factor of p and 2.
2
Let m(v) = 7*v**2 - 25*v + 120. Let p be m(7). Calculate the highest common factor of p and 64.
32
Suppose 5*p - 23 = -4*g, p + g - 10 + 5 = 0. Let j be (-5)/(-15) - (-560)/p. Let r be ((-2)/(-10))/((-7)/(-595)). What is the greatest common factor of j and r?
17
Suppose -2*r + 54 = -3*y + y, 2*r = -2*y + 34. What is the highest common divisor of r and 44?
22
Suppose 0 = b + 3*v + 7, 4*b + 28 = v - 2*v. Let l be 1*(-6)/9*(b + 1). Calculate the highest common factor of 12 and l.
4
Suppose -4*p + 10 = 2*f, -2*p - 3*p - 25 = 0. Calculate the highest common divisor of 3165 and f.
15
Suppose 3*f + 2*u - 456 = -22, 0 = -2*f - 2*u + 290. Let j = 244 - 232. What is the greatest common divisor of f and j?
12
Let z = 47 + 129. What is the highest common factor of 16 and z?
16
Let f(j) = 2*j**3 + 35*j**2 + 15*j + 14. Let i be f(-17). What is the highest common divisor of i and 96?
48
Let k be (-36)/3*(-1)/3. Suppose 2 = k*v - 2. What is the highest common divisor of 5 and v?
1
Let p be (0 + 1)*-1 + 85. Suppose 13*w - 9*w = p. What is the greatest common factor of 231 and w?
21
Let p = 3 + 0. Suppose -4*n = -1 - 3. Let u be (0 - -9*n) + -3. What is the highest common divisor of u and p?
3
Let a(m) = 4*m - 5. Let b be a(2). Suppose 0 = -2*p + b*p - 9. Suppose 5*k + 144 = 7*k. What is the highest common divisor of p and k?
9
Let f(o) be the third derivative of -o**4/4 + 10*o**3/3 - 16*o**2. Let m be f(-9). Calculate the greatest common divisor of m and 37.
37
Suppose 320*f + 45 = 321*f. Calculate the highest common divisor of f and 6.
3
Let h(q) = 4*q**2 + 84*q - 476. Let r be h(6). Calculate the greatest common divisor of 301 and r.
43
Let v = 530 + -495. What is the greatest common factor of v and 413?
7
Suppose i + 2*j = 364, -251 = 3*i + 5*j - 1339. Let z be (-4)/(-14) + i/28. Calculate the greatest common divisor of z and 13.
13
Let r(m) = m**3 - 4*m**2 - 7*m - 6. Let z be r(6). Let h be z/(-32) - (-1702)/8. Let u = -86 + h. Calculate the greatest common factor of 14 and u.
14
Let l be 13/((-273)/(-69)) - (-2)/(-7). Suppose 0 = 4*z + 87 - 251. Let r = 68 - z. What is the highest common factor of r and l?
3
Let g be (-8 - -7 - (-435)/(-20))*-4. Calculate the highest common factor of 39 and g.
13
Let i be (-56)/10*(-20)/(-2). Let w be 16/i - 1754/(-14). Calculate the highest common divisor of w and 50.
25
Suppose -14*x - 246 - 692 = 0. Let z = x + 121. Let d(a) = 4*a**2. Let w be d(-3). What is the greatest common factor of w and z?
18
Let g(d) = 21*d + 2. Let t be g(-6). Let x be (1 + t/(-12))*6. Let w = -48 + x. Calculate the highest common factor of w and 8.
4
Suppose -j + 60 = 45. What is the greatest common divisor of j and 50?
5
Let o be (4 + (-55)/25)/(3/10). Suppose -o*x + 255 = -x. What is the highest common factor of 34 and x?
17
Let w = 315 + -307. What is the greatest common divisor of 52 and w?
4
Let t(u) = 20*u - 14. Let p be 5 + 1 + 2 + -2. Let j be t(p). Let d = 266 - j. What is the highest common divisor of d and 20?
20
Let f = 1153 + -778. Calculate the greatest common divisor of 10 and f.
5
Suppose -370 = 3*r - 619. What is the highest common factor of 1079 and r?
83
Suppose b = 3*b - 20. Let c = 67 + -15. Let o = 92 - c. Calculate the greatest common divisor of b and o.
10
Let v(w) be the second derivative of w**3/6 - w**2/2 + 3*w. Let p be v(5). Suppose 132 = p*f - 3*f. What is the greatest common factor of f and 12?
12
Suppose 0*j - 18 = 6*j. Let x(w) = -4*w**3 + w**2 + 6*w - 3. Let l be x(j). What is the greatest common factor of l and 48?
48
Suppose 0 = 4*o - 16 - 16. Let j = 34 - 6. Let l be (j/(-3))/(1/(-6)). What is the highest common factor of l and o?
8
Suppose 4*l + 491 = 1771. Suppose x - l = -4*x. Suppose 4*c - 27 = 5. What is the highest common divisor of c and x?
8
Let r be (-57735)/(-99) + (-14)/77. Calculate the highest common factor of r and 44.
11
Suppose -f = -l - 34, -2*l - 114 - 56 = -5*f. Let d(k) = 17*k. Let s be d(3). What is the highest common divisor of f and s?
17
Suppose 2*r - 1196 = -5*z, -7*r + 2*z = -3306 - 919. Calculate the highest common divisor of 67 and r.
67
Suppose -5 = 4*f + 11. Let y = f + 6. Let l(q) = 27*q**3 + 2*q**2 - q - 2. Let c be l(y). Calculate the highest common divisor of 20 and c.
20
Let a = 88 + -37. Suppose a*y + 24 = 53*y. Calculate the highest common divisor of y and 16.
4
Suppose -4*v = -0*v - 20, k + 15 = 5*v. Let l = k + -6. Suppose -l*a - 21 = -5*a. Calculate the greatest common factor of a and 14.
7
Let s be -2 - (-10 - (2 - 2)). Suppose 10 = -3*m + s*m. Let h be 4/(-5)*(-715)/m. What is the greatest common factor of 26 and h?
26
Let w(s) = -2*s + 6. Let u = 12 + -15. Let k be w(u). Let f be ((-32)/(-6))/(5/90). Calculate the greatest common factor of f and k.
12
Let b = 111 + -83. Let l be (2 - (-3 - -6)) + 1 + b. Suppose -z + 1 + 3 = 0. What is the greatest common factor of l and z?
4
Let s be 22432/(-14) + (-2)/(-7). Let o be ((-30)/(-8))/(-5) - s/24. Let k be (-12)/10*(0 - 5). What is the highest common divisor of o and k?
6
Suppose -5*c - 40*a = -42*a - 34, 5*a + 4 = -c. What is the highest common divisor of c and 162?
6
Let z be (320/8 + -7)*20/6. Calculate the greatest common divisor of z and 10.
10
Let k = -1934 - -1939. Let q be (-4)/(-10) + (-46)/(-10). Calculate the highest common factor of q and k.
5
Let o = 30 - 17. Suppose -185 = -n - 42. Calculate the greatest common factor of n and o.
13
Suppose -9 = s - 14. Suppose -4*q = -s*x + 140, -4*x - 3*q + 162 = 50. What is the highest common divisor of x and 42?
14
Let c(r) be the third derivative of 3*r**2 + 0*r + 0 - 1/12*r**4 - 2/3*r**3. Let z be c(-8). Calculate the greatest common divisor of 8 and z.
4
Let f = -8 - -18. Let q be (-8)/f + (-837)/(-15). Calculate the greatest common factor of 11 and q.
11
Suppose 3*k = 4*l - 28, 5*k + 0*k + 7 = l. What is the highest common factor of l and 91?
7
Let h be ((-535 + 3)/7)/(-4). What is the greatest common factor of 152 and h?
19
Let t = 24 - 18. Suppose -7*k = -t*k - 70. Suppose 0 = 3*l - 2*x - 82, -5*l - 3*x + 141 = -2*x. Calculate the greatest common factor of k and l.
14
Let b be ((-165)/35 - -7)*(-14)/(-4). What is the greatest common factor of 72 and b?
8
Suppose -3*w + 0 = s - 13, -4*s = 8. Let a(f) = 2*f**3 - 2*f**2 + 12*f - 5. Let t be a(w). What is the greatest common factor of 102 and t?
51
Let u = 180 + -101. Suppose -2*p + p = -2*n - 18, n = 4*p - u. Suppose 4*a - 240 = a. Calculate the highest common factor of p and a.
20
Let d = -1024 + 1028. Calculate the greatest common factor of 19 and d.
1
Suppose 7*p = a + 2*p - 28, 103 = 3*a + 4*p. What is the greatest common factor of a and 825?
33
Let a be 1/((-1)/66*-2). Let h(n) = -n**3 - 2*n**2 + n + 9. Let f be h(4). Let o = -72 - f. Calculate the highest common factor of a and o.
11
Let f = -213 - -252. Calculate the greatest common divisor of 3 and f.
3
Suppose 4*a + y + 47 = 0, -4*y = 2*a + 8 + 12. Let g = 68 - 55. Let f = g + a. Calculate the highest common factor of f and 11.
1
Let l(f) = f**3 - 5*f - 2. Let d be l(7). Calculate the greatest common factor of d and 34.
34
Let l(f) = 9*f + 47. Let m be l(-4). Suppose 0 = t + 4*t - 20. Let n(b) = 2*b**2 - 4*b + 6. Let z be n(t). Calculate the greatest common divisor of z and m.
11
Let d(k) = 6*k + 100. Let s be d(-15). What is the highest common factor of 20 and s?
10
Let b = -585 - -1924. Calculate the greatest common divisor of b and 103.
103
Suppose -58*z + 53*z - x + 23 = 0, -4*z + 14 = 3*x. Let s(p) = 24*p - 3. Let g be s(2). What is the greatest common factor of z and g?
5
Let h(l) = l**3 - 4*l**2 - 24*l - 13. Let o be h(8). Suppose -170 = -7*v + 2*v. What is the highest common factor of v and o?
17
Let o be (0 - 2) + 9/3. Let b(q) = 7*q**2 + 5*q - 5. Let z be b(o). Let a be (9 + -2)/((-2)/(-22)). Calculate the greatest comm